?
43
Let t(m) = 11*m + 190. Calculate t(-18).
-8
Let b(k) = k**3 - 8*k**2 - 145*k + 1219. Determine b(9).
-5
Let k(o) = 57*o + 140. Give k(-7).
-259
Let s(r) = -22*r - 335. What is s(-5)?
-225
Let n(l) = 35*l - 3985. Determine n(112).
-65
Let c(a) = 20*a + 1506. What is c(-80)?
-94
Let v(l) = l**3 - 207*l**2 + 3051*l + 966. Determine v(191).
11
Let i(j) = -2*j**2 - 33*j - 102. Calculate i(-10).
28
Let l(k) = -167*k - 1285. Give l(-8).
51
Let j(d) = 3*d**3 + 260*d**2 - 89*d - 177. Give j(-87).
-3
Let f(z) = 1385*z - 4150. Calculate f(3).
5
Let z(c) = 2*c**3 - 22*c**2 - 1565*c + 47. Calculate z(34).
13
Let h(j) = -j**2 + 265*j - 2526. What is h(10)?
24
Let c(k) = 259*k + 3642. Calculate c(-14).
16
Let s(y) = 35*y**2 - 249*y + 430. Determine s(3).
-2
Let n(y) = -111*y + 1743. Calculate n(16).
-33
Let x(o) = o**3 - 21*o**2 + 12*o + 52. Determine x(20).
-108
Let w(b) = 261*b + 3903. Give w(-15).
-12
Let q(u) = -4*u**3 + 7*u - 1. What is q(3)?
-88
Let g(l) = 13*l + 449. Give g(-15).
254
Let f(o) = 9*o**2 + 13*o - 18. Give f(-4).
74
Let t(u) = 43*u**2 - 84*u + 1. Give t(2).
5
Let l(o) = 4*o**3 - 30*o**2 - 21*o + 15. What is l(8)?
-25
Let z(j) = -j**3 - 83*j**2 + 166*j + 6865. What is z(-84)?
-23
Let b(t) = -14*t + 235. Give b(-13).
417
Let n(l) = 33*l**2 - 8444*l - 1025. Determine n(256).
-1
Let c(i) = -i**3 - 24*i**2 - 50*i + 37. Calculate c(-21).
-236
Let f(b) = b**2 - 2012*b + 80813. Calculate f(41).
2
Let t(d) = -d**2 - 8*d + 14. Calculate t(-8).
14
Let x(g) = -1926*g + 21191. Determine x(11).
5
Let y(o) = -13*o**3 - 24*o**2 - 26*o - 5. What is y(-1)?
10
Let w(r) = -r**3 - 16*r**2 + 73*r - 150. Give w(-20).
-10
Let v(c) = 217*c**2 - 4*c - 2. Determine v(-1).
219
Let k(p) = -25*p**2 - 167*p - 839. Give k(-5).
-629
Let i(u) = 7240*u - 246164. Give i(34).
-4
Let g(p) = 342*p + 900. Calculate g(-3).
-126
Let k(w) = -1912*w + 19111. Give k(10).
-9
Let g(k) = k**3 - 25*k**2 + 109*k - 178. What is g(20)?
2
Let m(x) = 85*x + 843. Calculate m(-9).
78
Let j(c) = -31*c - 114. What is j(27)?
-951
Let b(k) = -26*k - 223. Give b(-3).
-145
Let b(h) = 161*h + 18025. Give b(-112).
-7
Let s(m) = 32*m + 738. Give s(-24).
-30
Let j(f) = f**3 + 9*f**2 - 38*f - 350. Determine j(-7).
14
Let v(w) = 78*w - 3307. Give v(42).
-31
Let k(m) = -m**2 - 458*m - 6630. Calculate k(-15).
15
Let b(t) = -1068*t - 1132. What is b(-1)?
-64
Let y(v) = -18*v**2 + 4*v + 4. Give y(-2).
-76
Let f(q) = 4*q**2 + 29*q + 89. What is f(-7)?
82
Let j(h) = h**3 + 4*h**2 - 3. What is j(2)?
21
Let g(y) = 150*y - 293. Give g(2).
7
Let h(u) = 155*u**2 + 602*u - 60. Determine h(-4).
12
Let g(v) = -v**2 + 44*v - 252. Calculate g(6).
-24
Let y(c) = -296*c - 9449. Calculate y(-32).
23
Let f(o) = 5*o**2 - 130*o + 365. Calculate f(23).
20
Let c(u) = -33*u - 2048. Calculate c(-62).
-2
Let q(j) = 3*j + 12. Give q(-6).
-6
Let a(z) = 2*z**2 - 89*z - 554. Calculate a(50).
-4
Let a(u) = 48*u - 151. What is a(3)?
-7
Let y(n) = -27*n**2 + 199*n - 825. Give y(4).
-461
Let k(i) = -18*i**2 + 11*i - 13. Calculate k(3).
-142
Let y(w) = 21*w**2 + 38*w + 8. Calculate y(-2).
16
Let b(p) = 58*p + 161. Determine b(-3).
-13
Let d(f) = -2*f**2 + 31*f + 536. Give d(-13).
-205
Let u(q) = 21*q**3 - 69*q**2 + 19*q - 2. Determine u(3).
1
Let q(x) = 2*x**3 + 76*x**2 + 142*x - 75. Determine q(-36).
-3
Let c(d) = -268*d - 458. Give c(-2).
78
Let h(l) = -7*l**2 + 35*l + 35. What is h(-1)?
-7
Let n(w) = 6*w**2 - 178*w - 74. Determine n(30).
-14
Let f(t) = 198*t + 1162. Calculate f(-6).
-26
Let z(b) = -b**3 + 59*b**2 - 62*b + 293. What is z(58)?
61
Let p(t) = 2*t**3 + 71*t**2 + 33*t - 77. Determine p(-35).
-7
Let m(y) = -1091*y + 1072. What is m(1)?
-19
Let l(o) = 12*o**2 + 86*o + 86. Determine l(-6).
2
Let p(v) = 150*v + 17261. Calculate p(-115).
11
Let w(z) = -7*z**2 - 115*z - 42. Determine w(-16).
6
Let p(o) = -49*o + 6. What is p(2)?
-92
Let l(s) = -s**2 - 9*s + 2. Calculate l(11).
-218
Let h(j) = j**2 + 8*j - 78. Give h(5).
-13
Let a(k) = -2*k**3 - 31*k**2 + 62*k + 1. Determine a(2).
-15
Let q(d) = d**3 + 34*d**2 + 97*d - 1. Give q(-3).
-13
Let d(x) = -x**2 + 12*x - 2. Calculate d(7).
33
Let z(b) = -74*b - 596. Give z(-8).
-4
Let u(a) = 4*a**2 + 150*a - 74. Determine u(-36).
-290
Let d(z) = z**3 + 42*z**2 + 78*z + 43. Determine d(-40).
123
Let n(m) = -m**2 - 14*m + 120. What is n(6)?
0
Let p(w) = -w**3 - 16*w**2 - 12*w - 198. What is p(-14)?
-422
Let x(f) = f**3 - 183*f**2 + 729*f - 2331. Give x(179).
-4
Let q(w) = 58*w + 2698. Give q(-54).
-434
Let u(r) = 6*r + 579. Give u(-95).
9
Let t(h) = 51*h**2 + 15*h - 3. Calculate t(1).
63
Let g(v) = 2*v**2 + 407*v + 8934. Calculate g(-25).
9
Let h(r) = 30*r + 28. Calculate h(4).
148
Let a(y) = y**3 + 26*y**2 - 16*y - 122. Calculate a(-26).
294
Let a(r) = -8926*r + 321333. Calculate a(36).
-3
Let w(l) = 3842*l - 53774. Determine w(14).
14
Let w(k) = 82*k + 4611. What is w(-57)?
-63
Let l(p) = p**3 + 20*p**2 - 22*p - 125. Determine l(-21).
-104
Let i(r) = 14*r**2 - 17*r + 54. What is i(3)?
129
Let i(v) = 2*v**2 - 4*v - 13. Calculate i(-5).
57
Let s(a) = a**3 + 80*a**2 - 54*a + 2330. Calculate s(-81).
143
Let q(w) = 7*w**2 - 25*w + 6. Calculate q(3).
-6
Let k(z) = 724*z - 4354. Give k(6).
-10
Let z(a) = -a**3 - 29*a**2 - 57*a + 17. Give z(-27).
98
Let r(l) = l**3 + 71*l**2 - 140*l + 428. Determine r(-73).
-10
Let v(n) = -396*n + 3824. What is v(7)?
1052
Let b(n) = -n**3 + 15*n**2 + 25*n - 13. Determine b(17).
-166
Let a(y) = 29*y + 112. Give a(-3).
25
Let o(t) = -t**2 + 112*t - 659. Determine o(6).
-23
Let p(x) = 14*x**2 - 22*x + 21. Determine p(2).
33
Let u(z) = z**2 + 41*z + 359. Determine u(-16).
-41
Let n(p) = -7358*p + 20. What is n(0)?
20
Let w(x) = -x**3 + 60*x**2 + 125*x - 67. Determine w(62).
-5
Let d(f) = 26*f**3 + 13*f - 14. Give d(1).
25
Let g(m) = 82*m - 978. Calculate g(12).
6
Let p(l) = 3*l**3 + 5*l**2 - 17*l + 45. What is p(-7)?
-620
Let o(y) = -2*y**2 - 57*y + 10776. Give o(-89).
7
Let u(b) = -4*b**2 + 56*b - 148. Determine u(7).
48
Let q(y) = -y**3 - y**2 + 50*y - 70. Determine q(6).
-22
Let j(a) = a**2 - 3*a - 4. Calculate j(9).
50
Let d(y) = -2*y**3 - 25*y**2 - 16*y - 30. Give d(-12).
18
Let n(p) = -p**3 + 22*p**2 + 76*p + 4. Determine n(25).
29
Let k(h) = -4*h**2 + 70*h - 307. What is k(10)?
-7
Let b(p) = -54*p + 545. Calculate b(10).
5
Let i(u) = 4*u**2 - 160*u + 314. Determine i(38).
10
Let v(o) = 3*o**2 + 20*o + 31. What is v(-6)?
19
Let q(y) = -y**3 - 11*y**2 + 29*y + 125. Give q(-13).
86
Let b(k) = 6*k - 177. Calculate b(13).
-99
Let m(y) = 30*y**2 + 382*y + 32. Calculate m(-14).
564
Let w(l) = -l**3 - 97*l**2 - 148*l + 3988. Give w(-95).
-2
Let r(a) = a**3 + 5*a**2 + 500*a + 1982. What is r(-4)?
-2
Let w(y) = 177*y + 1770. What is w(-10)?
0
Let o(v) = v**2 + 33*v + 85. Calculate o(-25).
-115
Let r(s) = -s**2 - 2429*s + 39117. Calculate r(16).
-3
Let p(c) = -34*c**2 + 304*c - 12. Determine p(9).
-30
Let l(c) = -c**3 + 18*c**2 - 12*c + 44. What is l(18)?
-172
Let s(b) = 11*b - 148. What is s(14)?
6
Let f(h) = 465*h - 398. What is f(1)?
67
Let c(l) = -69*l - 856. Calculate c(-12).
-28
Let v(q) = 18*q - 668. Give v(42).
88
Let y(m) = 5*m**2 + 52*m + 2. Calculate y(-10).
-18
Let y(c) = 76*c**2 - 4*c - 8. Determine y(1).
64
Let j(c) = 2*c**3 + 9*c**2 + 13*c + 99. Calculate j(-5).
9
Let c(z) = -2*z**3 - 156*z**2 - 155*z - 67. Determine c(-77).
10
Let f(s) = 17*s**2 + 421*s. Give f(-25).
100
Let i(r) = -2*r**2 - 894*r - 894. What is i(-1)?
-2
Let o(q) = q**3 - 7*q**2 - 646*q + 3922. What is o(6)?
10
Let x(g) = -2*g**3 - 31*g**2 - 54*g + 498. Calculate x(-11).
3
Let b(c) = 701*c - 2797. Calculate b(4).
7
Let k(q) = -12*q + 262. Calculate k(5).
202
Let z(a) = -30*a - 24. What is z(3)?
-114
Let p(g) = 233*g**2 - 4*g + 3. Determine p(1).
232
Let y(z) = -47*z - 2. Determine y(5).
-237
Let a(b) = -b**3 + 45*b**2 + 93*b - 72. What is a(47)?
-119
Let b(i) = 2*i**2 - 144*i - 1098. What is b(79)?
8
Let u(v) = 64*v - 1204. Calculate u(19).
12
Let p(a) = -10*a**2 + 168*a - 634. Calculate p(11).
4
Let q(j) = -155*j - 28411. What is q(-183)?
-46
Let r(b) = 296*b + 4375. Calculate r(-15).
-65
Let j(h) = -9*h**3 + 74*h**2 + 64*h - 633. What is j(8)?
7
Let i(p) = 2*p**3 + 12*p**2 + 112*p + 516. What is i(-5)?
6
Let b(n) = -16*n - 55. Give b(-16).
201
Let v(z) = -72*z - 1262. Give v(-20